13?
3622229
In base 4, what is 2011 + 233233023?
233301100
In base 6, what is -3 + 2335423001?
2335422554
In base 12, what is -1 - 1ba4285?
-1ba4286
In base 8, what is -41 + 2402303?
2402242
In base 11, what is -55 + -14759?
-14803
In base 14, what is 14892a9 - 5?
14892a4
In base 12, what is -202a276 + -a?
-202a284
In base 12, what is a - -78438?
78446
In base 12, what is 96 + -9278?
-91a2
In base 15, what is 100 - 2bc032?
-2bbe32
In base 16, what is -30580a6 + -2?
-30580a8
In base 11, what is -2 - -28642824?
28642822
In base 14, what is -b475 + 538d?
-60c6
In base 8, what is 474 + 70350?
71044
In base 5, what is -211 - -30101401?
30101140
In base 11, what is -35a + -18449?
-187a8
In base 11, what is -60902 - a5?
-609a7
In base 8, what is -11744771 + 0?
-11744771
In base 4, what is -22132310 - -303?
-22132001
In base 8, what is -23 - -104045?
104022
In base 6, what is 0 - 503552132?
-503552132
In base 6, what is -124 + 102543025?
102542501
In base 11, what is 11006 - 733?
10383
In base 14, what is -26 + -2268cd9?
-2268d21
In base 15, what is -48623 + 674?
-47e9e
In base 11, what is -1038020 + 1a?
-1038001
In base 2, what is -11 - -1110011010011000011000?
1110011010011000010101
In base 12, what is 1263 - -235?
1498
In base 3, what is -2000 + 1200122210?
1200120210
In base 12, what is 182a7 - 3a94?
14413
In base 12, what is 336994 - -6?
33699a
In base 14, what is -48169 + -60?
-481c9
In base 5, what is -124222 + -10340?
-140112
In base 7, what is 33054065 + 2?
33054100
In base 7, what is 51322 - -2020?
53342
In base 7, what is 112121 + -211?
111610
In base 2, what is -11011001011011111100011 - 101?
-11011001011011111101000
In base 16, what is -18c9 - 943?
-220c
In base 2, what is 1001000011001111 + 10101011011?
1001011000101010
In base 11, what is 460 - 820?
-370
In base 10, what is -4 - 252859?
-252863
In base 16, what is -1141f - -1962?
-fabd
In base 2, what is 1110010 + -1101100001111?
-1101010011101
In base 9, what is 33106 - 4321?
27675
In base 3, what is 1122102220 - 110001?
1121222212
In base 12, what is -361749 + a6?
-361663
In base 6, what is 205304510 - -40?
205304550
In base 15, what is 7e8 - 3b8a?
-3392
In base 2, what is -1011110111101110 - -10110000001111?
-1001000111011111
In base 10, what is 184877 + 12?
184889
In base 4, what is 202 - 313232233223?
-313232233021
In base 11, what is -3a + -29513?
-29552
In base 13, what is -22b916 - 69?
-22b982
In base 3, what is -111211011200 + -1022?
-111211012222
In base 13, what is 1534 - -ca12?
11246
In base 15, what is -279ab8 - -6?
-279ab2
In base 12, what is 21307 - 806?
20701
In base 3, what is 1200111012111120 + 102?
1200111012111222
In base 5, what is 244333 + 104412?
404300
In base 11, what is -9aa + 9267?
8368
In base 13, what is 1bc + -5a151?
-59c62
In base 9, what is -5 + 4615565?
4615560
In base 7, what is -3360654 - -2242?
-3355412
In base 10, what is 1497 - 3567?
-2070
In base 6, what is 34311441 + 45?
34311530
In base 14, what is 14a0 + -4500?
-3040
In base 13, what is 161 + -234624?
-234493
In base 3, what is 101010 - -2211002?
10012012
In base 12, what is -681198 + 3?
-681195
In base 11, what is 421714 + 6?
42171a
In base 12, what is 4a77 - -1370?
6227
In base 8, what is 371 - -30141?
30532
In base 13, what is 156 + 926b?
93c4
In base 5, what is 2 - 430301430333?
-430301430331
In base 13, what is -3cb33cc - -1c?
-3cb33b0
In base 13, what is -c5725 - -1c?
-c5706
In base 3, what is -2121 - 12101022212?
-12101102110
In base 7, what is -44606004 - 12?
-44606016
In base 11, what is -1 + -81339715?
-81339716
In base 7, what is -215040404 - 5?
-215040412
In base 3, what is -11022120112 + -110020?
-11100000202
In base 13, what is 489896 + -2?
489894
In base 3, what is -10111212202211 + 10?
-10111212202201
In base 11, what is -30731567 - -5?
-30731562
In base 7, what is 305 - -421451?
422056
In base 16, what is -fd + 58cc0?
58bc3
In base 4, what is 101110 - -333012?
1100122
In base 10, what is 3 + -2905272?
-2905269
In base 12, what is 99a012 + -22?
999bb0
In base 13, what is 19 + 3343864?
3343880
In base 7, what is 35555616 - 106?
35555510
In base 7, what is -4 + -2251021533?
-2251021540
In base 16, what is -10b + 1d523?
1d418
In base 7, what is -40 + -3024206?
-3024246
In base 4, what is 110013 - -22320320?
23030333
In base 8, what is -1321617 + -2364?
-1324203
In base 7, what is 41 - -4453361?
4453432
In base 12, what is 21a12086 + 5?
21a1208b
In base 4, what is -122333 + -2220231?
-3003230
In base 5, what is -24003 - -24331?
323
In base 3, what is 20 - -11220010121020?
11220010121110
In base 12, what is 4a + -112a8?
-1125a
In base 5, what is 14022034 - -1130?
14023214
In base 3, what is 20102010 + 11202222201?
12000101211
In base 5, what is 10 - 1321441041?
-1321441031
In base 5, what is 113240 + 21314?
140104
In base 10, what is 3 + -308426?
-308423
In base 16, what is 1846ef - -1?
1846f0
In base 12, what is -375934 + 3?
-375931
In base 11, what is 40a + 7a5a?
8369
In base 10, what is -225092 - 882?
-225974
In base 12, what is 1575 - -267?
1820
In base 7, what is 215 + -1363663?
-1363445
In base 6, what is 10511 - -31021?
41532
In base 8, what is 2 + 1412727451?
1412727453
In base 5, what is -3 + 2201143142?
2201143134
In base 11, what is -1836 + 65504?
63779
In base 16, what is 5e3 - 6a5d?
-647a
In base 6, what is 2305301 - 114?
2305143
In base 9, what is -2 + 22563416?
22563414
In base 7, what is 2142 + 10546?
13021
In base 8, what is 76024 - -15?
76041
In base 15, what is 11d600 - 1?
11d5ee
In base 15, what is 86a + 1adcd?
1b748
In base 13, what is 2c4 - -96ac9?
970c0
In base 13, what is -26 + 6cbca2?
6cbc79
In base 5, what is -23404 + 131314?
102410
In base 7, what is -3221 + -12250?
-15501
In base 4, what is -20121 + 321100?
300313
In base 8, what is -1055 + 337510?
336433
In base 8, what is -10 + -36357431?
-36357441
In base 8, what is -1361513 - -542?
-1360751
In base 3, what is -10111212102010002 + 12?
-10111212102002220
In base 11, what is -2 - 2a38672?
-2a38674
In base 14, what is 0 + -21dc2c?
-21dc2c
In base 3, what is -200101100 - 21221?
-200200021
In base 14, what is 4d - -4112?
4161
In base 14, what is 5d22c8b - -3?
5d22c90
In base 2, what is 11101010011111111 + -10000001?
11101010001111110
In base 4, what is -11 + 223120213231?
223120213220
In base 4, what is 103331130132303 - 11?
103331130132232
In base 10, what is -4 - -4412021?
4412017
In base 11, what is 72870339 + -3?
72870336
In base 14, what is -a10ab + -77?
-a1144
In base 10, what is 3 - -8009977?
8009980
In base 5, what is -3 - 4231202340?
-4231202343
In base 10, what is -161560 + 4995?
-156565
In base 10, what is -1 - -25840427?
25840426
In base 9, what is -17646544 - -17?
-17646526
In base 8, what is 5 - -165652?
165657
In base 12, what is -2b2aa27 + -4?
-2b2aa2b
In base 7, what is -2465613 + -61?
-2466004
In base 11, what is -313397 - 1432?
-314819
In base 4, what is -111002233130 - -1?
-111002233123
In base 2, what is 11 - -111100100111111011?
111100100111111110
In base 5, what is -42210103 - 112?
-42210220
In base 7, what is -1364042 + -5?
-1364050
In base 16, what is -1cc - -1516?
134a
In base 8, what is -111437 + -10013?
-121452
In base 3, what is 2110 + -20010021022?
-20010011212
In base 5, what is -331 - -33120143?
33114312
In base 2, what is 100 + 110001010001110100110000?
110001010001110100110100
In base 11, what is 30 + 93847?
93877
In base 11, what is 2403 + -3118?
-815
In base 14, what is -4 - -6483d53?
6483d4d
In base 16, what is -dc4be + 15f?
-dc35f
In base 15, what is -460 + -1987?
-1de7
In base 15, what is 5 + 4bba3ba?
4bba3c0
In base 11, what is 1 + 2076454?
2076455
In base 6, what is 21 + -3133324413?
-3133324352
In base 15, what is -3bc76 + 7?
-3bc6e
In base 16, what is -1f62 - -62a?
-1938
In base 6, what is -143213104 - -50?
-143213014
In base 16, what is 9dce + 168?
9f36
In base 15, what is 76cbc + -487?
76835
In base 3, what is -20012020102200211 - -112?
-20012020102200022
In base 3, what is -12000222101 - 110201?
-12001110002
In base 8, what is -3 + -1352513264?
-1352513267
In base 11, what is -55 - -120561?
120507
In base 2, what is 110010001011101010 + -1001?
110010001011100001
In base 14, what is 2c164b + 1?
2c164c
In base 2, what is -100011111001101101 - 1010101010100?
-10